se 3*j + 5*i = 10*i + 25, 0 = 2*i + 4. Let n(x) = -x**3 + 5*x**2 - 4*x + 1. Suppose 6*m + 2 = 14. What is the remainder when j is divided by n(m)?
0
Let h(b) = -b**2 - 5*b + 6. Let s be h(-9). Let o = 37 + s. Suppose -155 = 2*j - o*j. Calculate the remainder when j is divided by 20.
11
Let k = -24 - -99. Let j = 11956 + -11945. What is the remainder when k is divided by j?
9
Let h = -23 - -41. What is the remainder when 26*(-68)/(-442)*1*-2 + (-156)/(-3) is divided by h?
8
What is the remainder when -6 + ((-50)/(-4))/((-1)/(-26)) is divided by 105?
4
Suppose -5*y - d = -2*y - 534, -4*y = -5*d - 731. Calculate the remainder when y is divided by 30.
29
Suppose 0 = 45*q + 100*q - 28565. What is the remainder when q is divided by 118?
79
What is the remainder when 55 is divided by ((-114)/95)/(20/(-150))?
1
Let v be (0 + (-12)/16)/((-4)/32). Suppose v*l = -2*l + 960. Calculate the remainder when l is divided by 42.
36
Suppose -155*x + 3712 = -91*x. What is the remainder when 8929 is divided by x?
55
Let w = 307 + -129. Suppose 5*c - 2*o + 72 = 224, -144 = -6*c - 4*o. What is the remainder when w is divided by c?
10
Let q(f) = -5*f**2 + 6*f**2 + 17*f - 4 - 14*f. Suppose 20*h + 9 = 23*h. Calculate the remainder when 26 is divided by q(h).
12
Suppose -107*w = 52*w - 32*w - 10287. Calculate the remainder when 721 is divided by w.
73
Suppose 8*t = 9*t - 5*v - 224, -588 = -3*t + v. What is the remainder when t is divided by 26?
12
Suppose -g - 6 = -3*j - 4*g, -2*j = -3*g - 24. Calculate the remainder when (0 - 3) + 42/2 is divided by (-12)/4 - 39/j*-2.
8
Suppose 895 - 7245 = -50*o. Let m = -68 + o. Calculate the remainder when m is divided by 17.
8
Let a = 34 - 106. Let r = a + 119. Calculate the remainder when 181 is divided by r.
40
Suppose 0 = -z + 501 - 357. Calculate the remainder when 418 is divided by z.
130
Suppose 2*a - 83 = r, 5*r + 671 = 5*a + 246. Let t = 166 + r. Suppose -26*j + t = -25*j. Calculate the remainder when j is divided by 27.
25
What is the remainder when ((-1155)/(-2) + -1)/(1221/74 - 16) is divided by 34?
31
Suppose -13620 = -5*f - 4*b + 10069, -5*f = 5*b - 23685. Suppose 0 = 25*o - f + 1816. Calculate the remainder when o is divided by 22.
7
Suppose 4*v = r - 18, 0 = 2*r + 4*v - 5 - 31. Calculate the remainder when 62 is divided by r/(2 + -2 + 1).
8
Let c = -921 + 916. Let j(x) = x**2 + 10*x + 62. What is the remainder when j(c) is divided by 24?
13
Suppose -68*p + 5753 + 2679 = 0. What is the remainder when 628 is divided by p?
8
Let u = -7367 - -7532. Let c = 83 - 59. What is the remainder when u is divided by c?
21
Suppose -45*j + 386 = -199. What is the remainder when 80 is divided by j?
2
Suppose 2*x + 5*b + 12 = 48, x + b = 12. Suppose -x = d - 5*d. Suppose -d*o = -50 - 2. Calculate the remainder when 127 is divided by o.
23
Suppose 28 = -6*n + 2*n, -3*y = -4*n - 34. What is the remainder when 64 is divided by y?
0
Let k(h) = -3*h - 164. Let o(r) = -11*r + 1 + 6*r + 58*r + 38*r. Calculate the remainder when o(4) is divided by k(-70).
43
Suppose -2*q = 2*h + 364, 5*q + 930 = 3*h + 20. Let x = -175 - q. Suppose 0*f - 5*f + 265 = 0. Calculate the remainder when f is divided by x.
4
Suppose 0*b - 2*b = -22. Suppose -106*h = -104*h. Suppose 2*a = -6*c + 3*c + 122, a - 2*c - 68 = h. What is the remainder when a is divided by b?
9
Let h = 409 + -382. Suppose 909 = 13*p - h. Calculate the remainder when p is divided by 24.
0
Let j = -1337 + 860. Let l = j - -504. What is the remainder when 44 is divided by l?
17
Suppose -4*a = 4*v + 4, 4*v + 3*a + 29 = 4*a. Let z be (-4 - v)*1*-2. Let r(x) = x**3 + 5*x**2 + 3*x. What is the remainder when 5 is divided by r(z)?
1
Suppose 0 = -4*r - 2*r + 3714. Suppose -343 = -3*k - 5*n, 5*k + 3*n - r + 42 = 0. What is the remainder when k is divided by 15?
11
Let c be (-52)/14 + (-8)/28. Let r(t) = -t**3 - 4*t**2 - 7*t - 6. What is the remainder when 119 is divided by r(c)?
9
Let m(u) = u**3 - 32*u**2 + 115*u - 52. What is the remainder when 1660 is divided by m(28)?
28
Let s = -31204 + 31953. What is the remainder when s is divided by 187?
1
Let z be (2 - 0) + (-12480)/(-30). Let s = 454 - z. What is the remainder when 141 is divided by s?
33
Calculate the remainder when 813 is divided by ((-354)/(-531))/(794/396 + -2) + -4.
45
What is the remainder when 506 is divided by 271 + -16 - 12*2/6?
4
Let l(t) = 10*t - 49. Let d be l(12). Suppose -301 = -d*r + 64*r. Suppose 467 + 45 = 4*i. Calculate the remainder when i is divided by r.
42
Let n(z) = z**2 + 6*z - 1433. What is the remainder when n(40) is divided by 82?
79
Suppose 19*u + 4*j = 14*u + 213, -4*u + 2*j + 186 = 0. What is the remainder when 179 is divided by 1 + u + 21 + -22?
44
Let x = 16212 - 15900. Calculate the remainder when 625 is divided by x.
1
Suppose -4*g - 2*k = -176, -5*k + k = 3*g - 127. Calculate the remainder when 843 is divided by g.
33
Let x = -118 + 115. What is the remainder when (x - 3)*94/(-4) is divided by 12?
9
Let r be 16/(-4) + -119 - -7. Let v = r - -122. Suppose 2*o - 4*k = -2*k + 16, -3*o + 36 = 3*k. What is the remainder when o is divided by v?
4
Suppose 0 = 2*d - 4, 5*l = 2*l + 4*d + 25. Let m(h) = -h + 11. Let v be m(6). What is the remainder when ((-12)/v)/(12/(-210)) is divided by l?
9
Let z = 67 - 65. Let k(h) = h**3 + 3 + 24*h**z + 11 + 6. Calculate the remainder when 78 is divided by k(-24).
18
Let m(k) = 3*k**2 - 80*k + 483. Let s = 5 - -4. Calculate the remainder when m(7) is divided by s.
7
Suppose -1749 = -202*t + 675. Suppose -6*x + 2*x = -172. What is the remainder when x is divided by t?
7
Let p(a) = -2*a**3 + 14*a**2 - 17*a + 9. Let y be p(5). Suppose 256 = y*i - 20*i. What is the remainder when 190 is divided by i?
62
Let g = -1019 + 1124. Calculate the remainder when g is divided by 71.
34
Let y(r) = -1647*r - 1743. What is the remainder when y(-2) is divided by 37?
34
What is the remainder when ((-72)/108)/((-1)/(-4 + 1060)) is divided by 15?
14
Let l = 16107 + -16094. Let j(h) = 51*h**3 - 2*h + 1. Calculate the remainder when j(1) is divided by l.
11
Suppose 7712 + 3733 = 109*q. Suppose u - 18 = -4*f, 4*u - 2*u + 2*f - 24 = 0. What is the remainder when q is divided by u?
5
Let h(s) = -70*s + 707. Suppose 7 = x - 0*x. What is the remainder when h(10) is divided by x?
0
Let l(x) = 2*x**3 + x**2 - 3*x + 3. Let g be l(1). Suppose -g = c - 15. Let o(h) = 5*h - 10. What is the remainder when o(6) is divided by c?
8
Let a = -509 + 898. What is the remainder when a is divided by 157?
75
Let s = -19686 - -19695. What is the remainder when 1587 is divided by s?
3
Calculate the remainder when 793 is divided by 26 + -2 + (-162)/(-9).
37
Suppose 0 = 30*o - 3124 + 94. Calculate the remainder when o is divided by 11.
2
Calculate the remainder when 3604 is divided by (-250)/(-3) - (55/3 - 17).
78
Let f = -69 - -73. Suppose 6*h = h + 3*j + 24, h = j + f. Calculate the remainder when 7 is divided by h.
1
Let i = -267 - -255. Let g(j) = -j**2 - 13*j + 6. Calculate the remainder when 28 is divided by g(i).
10
Let f = 106 - 98. Suppose -f*b = 5*b - 1209. What is the remainder when b is divided by 16?
13
Let l = -7746 + 8464. Calculate the remainder when l is divided by 150.
118
Let i = 26 - -43. Suppose -u - 2 = 0, 5*u = -27*w + 30*w - 37. Calculate the remainder when i is divided by w.
6
Let a(n) = 11*n - 10. Let f be a(23). Let g = f + -229. What is the remainder when 32 is divided by g?
4
Suppose -141 = -21*d + 111. What is the remainder when 899 is divided by d?
11
Suppose 0 = -b - 35 + 47. Suppose b*z - 118 = 278. What is the remainder when 163 is divided by z?
31
Let c be ((-42)/49)/((-3)/((-42)/(-4))). Suppose -i + 16 = -5*x - 0*x, -2*x = c*i - 133. What is the remainder when i is divided by 9?
5
What is the remainder when 7348 is divided by (75/(-4))/(-6*(-1)/(-16))?
48
Let j = -20 + 30. Let f be 86/(-11) - (-14)/(-77). Calculate the remainder when 174 is divided by (-2376)/(-55) - f/j.
42
Let k = -12568 - -13815. Calculate the remainder when k is divided by 153.
23
Let o be 14/5*5/2. Let q be 2 - o/(7/(-3)). Suppose q*w = -2*a + 89, 3*a + 6*w = 3*w + 111. What is the remainder when a is divided by 11?
10
Suppose -219 = -11*w - 274. What is the remainder when 176 is divided by (-598)/(-10) - w/25?
56